{"id":706,"date":"2020-02-05T21:26:48","date_gmt":"2020-02-05T21:26:48","guid":{"rendered":"https:\/\/www.stanjko.at\/wordpress\/?page_id=706"},"modified":"2020-02-08T13:16:26","modified_gmt":"2020-02-08T13:16:26","slug":"buroumbau","status":"publish","type":"page","link":"https:\/\/www.domisil.at\/wordpress\/?page_id=706","title":{"rendered":"B\u00fcroumbau"},"content":{"rendered":"\n<p>F\u00fcr die Zusammenf\u00fchrung mehrerer Abteilungen an einem Standort wurden neue R\u00e4ume angemietet, die innerhalb einer Bauzeit von nur 12 Wochen adaptiert werden mussten. Parallel dazu fanden in den bestehenden und bereits in Betrieb befindlichen B\u00fcror\u00e4umen ebenfalls Umbauten statt. Es wurden bauliche \u00c4nderungen auf einer Gesamtfl\u00e4che von ca. 2.300m\u00b2 und drei verschiedenen Ebenen im laufenden Betrieb durchgef\u00fchrt. Die Abwicklung erfolgte in enger Kooperation mit der Projektleitung des Auftraggebers, da die \u00dcbersiedelung der Arbeitspl\u00e4tze und die tempor\u00e4ren \u00dcbersiedelungen w\u00e4hrend der Bauphase genau eingetaktet werden mussten. <\/p>\n\n\n\n<figure class=\"wp-block-image size-large\"><img loading=\"lazy\" decoding=\"async\" width=\"1024\" height=\"683\" src=\"https:\/\/www.domisil.at\/wordpress\/wp-content\/uploads\/2020\/02\/1807-Foto-Empfang-1024x683.jpg\" alt=\"\" class=\"wp-image-728\" srcset=\"https:\/\/www.domisil.at\/wordpress\/wp-content\/uploads\/2020\/02\/1807-Foto-Empfang-1024x683.jpg 1024w, https:\/\/www.domisil.at\/wordpress\/wp-content\/uploads\/2020\/02\/1807-Foto-Empfang-300x200.jpg 300w, https:\/\/www.domisil.at\/wordpress\/wp-content\/uploads\/2020\/02\/1807-Foto-Empfang-768x512.jpg 768w, https:\/\/www.domisil.at\/wordpress\/wp-content\/uploads\/2020\/02\/1807-Foto-Empfang-1536x1024.jpg 1536w, https:\/\/www.domisil.at\/wordpress\/wp-content\/uploads\/2020\/02\/1807-Foto-Empfang-2048x1365.jpg 2048w\" sizes=\"auto, (max-width: 1024px) 100vw, 1024px\" \/><\/figure>\n\n\n\n<p>Besonderes Augenmerk wurde auf die Aufenthaltsqualit\u00e4t der Allgemeinr\u00e4ume gelegt. Das Herzst\u00fcck der neu angemieteten R\u00e4ume bildet ein multifunktionaler Bereich mit Teek\u00fcche, der als Aufenthaltsbereich f\u00fcr Schulungen, Veranstaltungen und als Pausenzone genutzt werden kann. Zus\u00e4tzlich wurde als R\u00fcckzugsort f\u00fcr die Mitarbeiter*nnen ein Sozialraum mit wohnlicher Atmosp\u00e4re geschaffen. <\/p>\n\n\n\n<figure class=\"wp-block-image size-large\"><img loading=\"lazy\" decoding=\"async\" width=\"763\" height=\"1024\" src=\"https:\/\/www.domisil.at\/wordpress\/wp-content\/uploads\/2020\/02\/1807-Foto-Sozialraum-03-763x1024.jpg\" alt=\"\" class=\"wp-image-731\" srcset=\"https:\/\/www.domisil.at\/wordpress\/wp-content\/uploads\/2020\/02\/1807-Foto-Sozialraum-03-763x1024.jpg 763w, https:\/\/www.domisil.at\/wordpress\/wp-content\/uploads\/2020\/02\/1807-Foto-Sozialraum-03-224x300.jpg 224w, https:\/\/www.domisil.at\/wordpress\/wp-content\/uploads\/2020\/02\/1807-Foto-Sozialraum-03-768x1031.jpg 768w, https:\/\/www.domisil.at\/wordpress\/wp-content\/uploads\/2020\/02\/1807-Foto-Sozialraum-03-1144x1536.jpg 1144w, https:\/\/www.domisil.at\/wordpress\/wp-content\/uploads\/2020\/02\/1807-Foto-Sozialraum-03-1526x2048.jpg 1526w, https:\/\/www.domisil.at\/wordpress\/wp-content\/uploads\/2020\/02\/1807-Foto-Sozialraum-03-scaled.jpg 1907w\" sizes=\"auto, (max-width: 763px) 100vw, 763px\" \/><\/figure>\n\n\n\n<p>F\u00fcr die Ausstattung der einzelnen B\u00fcros konnte zum Teil frei aus einem vorgegebenem Produktkatalog gew\u00e4hlt werden. Vorhandene M\u00f6bel wurden zum Gro\u00dfteil wiederwendet und auch Bestandsm\u00f6bel des Vormieters wurden in die Planung aufgenommen. Dadurch konnten sowohl Kosten als auch Ressourcen gespart werden. Die Gestaltung von zwei Teek\u00fcchen und einzelnen Vollholzm\u00f6beln wurden gemeinsam mit einem integrativen Betrieb entwickelt und ausgef\u00fchrt.<\/p>\n\n\n\n<figure class=\"wp-block-image size-large\"><img loading=\"lazy\" decoding=\"async\" width=\"1024\" height=\"699\" src=\"https:\/\/www.domisil.at\/wordpress\/wp-content\/uploads\/2020\/02\/1807-Foto-Sozialraum-02-1024x699.jpg\" alt=\"\" class=\"wp-image-730\" srcset=\"https:\/\/www.domisil.at\/wordpress\/wp-content\/uploads\/2020\/02\/1807-Foto-Sozialraum-02-1024x699.jpg 1024w, https:\/\/www.domisil.at\/wordpress\/wp-content\/uploads\/2020\/02\/1807-Foto-Sozialraum-02-300x205.jpg 300w, https:\/\/www.domisil.at\/wordpress\/wp-content\/uploads\/2020\/02\/1807-Foto-Sozialraum-02-768x525.jpg 768w, https:\/\/www.domisil.at\/wordpress\/wp-content\/uploads\/2020\/02\/1807-Foto-Sozialraum-02-1536x1049.jpg 1536w, https:\/\/www.domisil.at\/wordpress\/wp-content\/uploads\/2020\/02\/1807-Foto-Sozialraum-02-2048x1399.jpg 2048w\" sizes=\"auto, (max-width: 1024px) 100vw, 1024px\" \/><\/figure>\n\n\n\n<p>Kooperation: Atelier Kaitna Smetana und Ickewald Architekten<\/p>\n\n\n\n<figure class=\"wp-block-image size-large\"><img loading=\"lazy\" decoding=\"async\" width=\"1024\" height=\"688\" src=\"https:\/\/www.domisil.at\/wordpress\/wp-content\/uploads\/2020\/02\/1807-Foto-Teek\u00fcche-1024x688.jpg\" alt=\"\" class=\"wp-image-732\" srcset=\"https:\/\/www.domisil.at\/wordpress\/wp-content\/uploads\/2020\/02\/1807-Foto-Teek\u00fcche-1024x688.jpg 1024w, https:\/\/www.domisil.at\/wordpress\/wp-content\/uploads\/2020\/02\/1807-Foto-Teek\u00fcche-300x202.jpg 300w, https:\/\/www.domisil.at\/wordpress\/wp-content\/uploads\/2020\/02\/1807-Foto-Teek\u00fcche-768x516.jpg 768w, https:\/\/www.domisil.at\/wordpress\/wp-content\/uploads\/2020\/02\/1807-Foto-Teek\u00fcche-1536x1032.jpg 1536w, https:\/\/www.domisil.at\/wordpress\/wp-content\/uploads\/2020\/02\/1807-Foto-Teek\u00fcche-2048x1377.jpg 2048w\" sizes=\"auto, (max-width: 1024px) 100vw, 1024px\" \/><\/figure>\n\n\n\n<p>Fotocredit: Matthias Bruckner <\/p>\n","protected":false},"excerpt":{"rendered":"<p>F\u00fcr die Zusammenf\u00fchrung mehrerer Abteilungen an einem Standort wurden neue R\u00e4ume angemietet, die innerhalb einer Bauzeit von nur 12 Wochen adaptiert werden mussten. Parallel dazu&#8230;<\/p>\n<div class=\"more-link-wrapper\"><a class=\"more-link\" href=\"https:\/\/www.domisil.at\/wordpress\/?page_id=706\">Continue reading<span class=\"screen-reader-text\">B\u00fcroumbau<\/span><\/a><\/div>\n","protected":false},"author":1,"featured_media":0,"parent":105,"menu_order":0,"comment_status":"closed","ping_status":"closed","template":"","meta":{"footnotes":""},"class_list":["post-706","page","type-page","status-publish","hentry","entry"],"_links":{"self":[{"href":"https:\/\/www.domisil.at\/wordpress\/index.php?rest_route=\/wp\/v2\/pages\/706","targetHints":{"allow":["GET"]}}],"collection":[{"href":"https:\/\/www.domisil.at\/wordpress\/index.php?rest_route=\/wp\/v2\/pages"}],"about":[{"href":"https:\/\/www.domisil.at\/wordpress\/index.php?rest_route=\/wp\/v2\/types\/page"}],"author":[{"embeddable":true,"href":"https:\/\/www.domisil.at\/wordpress\/index.php?rest_route=\/wp\/v2\/users\/1"}],"replies":[{"embeddable":true,"href":"https:\/\/www.domisil.at\/wordpress\/index.php?rest_route=%2Fwp%2Fv2%2Fcomments&post=706"}],"version-history":[{"count":6,"href":"https:\/\/www.domisil.at\/wordpress\/index.php?rest_route=\/wp\/v2\/pages\/706\/revisions"}],"predecessor-version":[{"id":772,"href":"https:\/\/www.domisil.at\/wordpress\/index.php?rest_route=\/wp\/v2\/pages\/706\/revisions\/772"}],"up":[{"embeddable":true,"href":"https:\/\/www.domisil.at\/wordpress\/index.php?rest_route=\/wp\/v2\/pages\/105"}],"wp:attachment":[{"href":"https:\/\/www.domisil.at\/wordpress\/index.php?rest_route=%2Fwp%2Fv2%2Fmedia&parent=706"}],"curies":[{"name":"wp","href":"https:\/\/api.w.org\/{rel}","templated":true}]}}