{"id":341,"date":"2017-01-02T11:53:27","date_gmt":"2017-01-02T11:53:27","guid":{"rendered":"https:\/\/www.stanjko.at\/wordpress\/?page_id=341"},"modified":"2020-02-06T22:47:35","modified_gmt":"2020-02-06T22:47:35","slug":"wohnen-fur-voraus-denkerinnen","status":"publish","type":"page","link":"https:\/\/www.domisil.at\/wordpress\/?page_id=341","title":{"rendered":"Wohnen f\u00fcr Voraus-DenkerInnen"},"content":{"rendered":"<p>Vortrag zum Thema &#8220;Barrierefreies Wohnen&#8221; bzw. &#8220;Wohnen im Alter&#8221;<\/p>\n<p>Was sollte man beim Kauf oder Umbau einer Wohnung, bzw. eines Hauses beachten, damit man m\u00f6glichst lange selbst\u00e4ndig darin wohnen kann? Wie kann man die Barrierefreiheit in bestehenden Wohnungen und Geb\u00e4uden verbessern?<\/p>\n<p>Gemeinsam mit <a href=\"http:\/\/www.heimerl.at\/\" target=\"_blank\" rel=\"noopener noreferrer\">Karin Heimerl<\/a> habe ich im letzten 2016 und 2017 mehrere Vortr\u00e4ge zum Thema &#8220;Wohnen f\u00fcr Voraus-DenkerInnen&#8221; gehalten.<\/p>\n<p><img loading=\"lazy\" decoding=\"async\" class=\"aligncenter wp-image-346\" src=\"https:\/\/www.domisil.at\/wordpress\/wp-content\/uploads\/2017\/01\/201699_Konzept-Liftzubau.jpg\" alt=\"Grundriss eines Gr\u00fcnderzeithauses mit Liftzubau. Die barrierefreie Erschlie\u00dfung \u00fcber die Einfahrt und den Innenhof ist schematisch dargestellt.\" width=\"475\" height=\"508\" srcset=\"https:\/\/www.domisil.at\/wordpress\/wp-content\/uploads\/2017\/01\/201699_Konzept-Liftzubau.jpg 719w, https:\/\/www.domisil.at\/wordpress\/wp-content\/uploads\/2017\/01\/201699_Konzept-Liftzubau-280x300.jpg 280w\" sizes=\"auto, (max-width: 475px) 100vw, 475px\" \/><\/p>\n<p>Passend zum Thema habe ich eine kurze Erz\u00e4hlung \u00fcber mein zuk\u00fcnftiges Leben im 20. Bezirk f\u00fcr die <a href=\"http:\/\/www.gbstern.at\/fileadmin\/user_upload\/GB_20\/Graetzelbuero\/Graetzelzeitung\/Graetzelzeitung_13_HP_kl.pdf\" target=\"_blank\" rel=\"noopener noreferrer\">Gr\u00e4tzelzeitung<\/a> verfasst.<\/p>\n","protected":false},"excerpt":{"rendered":"<p>Vortrag zum Thema &#8220;Barrierefreies Wohnen&#8221; bzw. &#8220;Wohnen im Alter&#8221; Was sollte man beim Kauf oder Umbau einer Wohnung, bzw. eines Hauses beachten, damit man m\u00f6glichst&#8230;<\/p>\n<div class=\"more-link-wrapper\"><a class=\"more-link\" href=\"https:\/\/www.domisil.at\/wordpress\/?page_id=341\">Continue reading<span class=\"screen-reader-text\">Wohnen f\u00fcr Voraus-DenkerInnen<\/span><\/a><\/div>\n","protected":false},"author":1,"featured_media":0,"parent":105,"menu_order":1699,"comment_status":"closed","ping_status":"closed","template":"","meta":{"footnotes":""},"class_list":["post-341","page","type-page","status-publish","hentry","entry"],"_links":{"self":[{"href":"https:\/\/www.domisil.at\/wordpress\/index.php?rest_route=\/wp\/v2\/pages\/341","targetHints":{"allow":["GET"]}}],"collection":[{"href":"https:\/\/www.domisil.at\/wordpress\/index.php?rest_route=\/wp\/v2\/pages"}],"about":[{"href":"https:\/\/www.domisil.at\/wordpress\/index.php?rest_route=\/wp\/v2\/types\/page"}],"author":[{"embeddable":true,"href":"https:\/\/www.domisil.at\/wordpress\/index.php?rest_route=\/wp\/v2\/users\/1"}],"replies":[{"embeddable":true,"href":"https:\/\/www.domisil.at\/wordpress\/index.php?rest_route=%2Fwp%2Fv2%2Fcomments&post=341"}],"version-history":[{"count":20,"href":"https:\/\/www.domisil.at\/wordpress\/index.php?rest_route=\/wp\/v2\/pages\/341\/revisions"}],"predecessor-version":[{"id":770,"href":"https:\/\/www.domisil.at\/wordpress\/index.php?rest_route=\/wp\/v2\/pages\/341\/revisions\/770"}],"up":[{"embeddable":true,"href":"https:\/\/www.domisil.at\/wordpress\/index.php?rest_route=\/wp\/v2\/pages\/105"}],"wp:attachment":[{"href":"https:\/\/www.domisil.at\/wordpress\/index.php?rest_route=%2Fwp%2Fv2%2Fmedia&parent=341"}],"curies":[{"name":"wp","href":"https:\/\/api.w.org\/{rel}","templated":true}]}}

Wohnen für Voraus-DenkerInnen

<p>Vortrag zum Thema &#8220;Barrierefreies Wohnen&#8221; bzw. &#8220;Wohnen im Alter&#8221;</p>
<p>Was sollte man beim Kauf oder Umbau einer Wohnung, bzw. eines Hauses beachten, damit man möglichst lange selbständig darin wohnen kann? Wie kann man die Barrierefreiheit in bestehenden Wohnungen und Gebäuden verbessern?</p>
<p>Gemeinsam mit <a href="http://www.heimerl.at/" target="_blank" rel="noopener noreferrer">Karin Heimerl</a> habe ich im letzten 2016 und 2017 mehrere Vorträge zum Thema &#8220;Wohnen für Voraus-DenkerInnen&#8221; gehalten.</p>
<p><img loading="lazy" decoding="async" class="aligncenter wp-image-346" src="https://www.domisil.at/wordpress/wp-content/uploads/2017/01/201699_Konzept-Liftzubau.jpg" alt="Grundriss eines Gründerzeithauses mit Liftzubau. Die barrierefreie Erschließung über die Einfahrt und den Innenhof ist schematisch dargestellt." width="475" height="508" srcset="https://www.domisil.at/wordpress/wp-content/uploads/2017/01/201699_Konzept-Liftzubau.jpg 719w, https://www.domisil.at/wordpress/wp-content/uploads/2017/01/201699_Konzept-Liftzubau-280x300.jpg 280w" sizes="auto, (max-width: 475px) 100vw, 475px" /></p>
<p>Passend zum Thema habe ich eine kurze Erzählung über mein zukünftiges Leben im 20. Bezirk für die <a href="http://www.gbstern.at/fileadmin/user_upload/GB_20/Graetzelbuero/Graetzelzeitung/Graetzelzeitung_13_HP_kl.pdf" target="_blank" rel="noopener noreferrer">Grätzelzeitung</a> verfasst.</p>

<p>Vortrag zum Thema &#8220;Barrierefreies Wohnen&#8221; bzw. &#8220;Wohnen im Alter&#8221; Was sollte man beim Kauf oder Umbau einer Wohnung, bzw. eines Hauses beachten, damit man möglichst&#8230;</p>
<div class="more-link-wrapper"><a class="more-link" href="https://www.domisil.at/wordpress/?page_id=341">Continue reading<span class="screen-reader-text">Wohnen für Voraus-DenkerInnen</span></a></div>
