{"id":315,"date":"2017-01-02T09:36:21","date_gmt":"2017-01-02T09:36:21","guid":{"rendered":"https:\/\/www.stanjko.at\/wordpress\/?page_id=315"},"modified":"2017-01-12T15:32:41","modified_gmt":"2017-01-12T15:32:41","slug":"happy-am-dach","status":"publish","type":"page","link":"https:\/\/www.domisil.at\/wordpress\/?page_id=315","title":{"rendered":"design your own space"},"content":{"rendered":"<p>Wettbewerbsprojekt<br \/>\nKonzept f\u00fcr flexible Raumeinheiten am Beispiel eines Dachgeschossausbaus<\/p>\n<p><img loading=\"lazy\" decoding=\"async\" class=\"aligncenter wp-image-322 \" src=\"https:\/\/www.domisil.at\/wordpress\/wp-content\/uploads\/2017\/01\/Schnitt.jpg\" alt=\"Schnitt durch eine Wohneinheit mit textlichen Anmerkungen: Solar\/PV-Anlage am Dach, allgemein zug\u00e4ngliche Dachterrasse mit Begr\u00fcnung, private Freir\u00e4ume auf zwei Ebenen, Sanit\u00e4rbox Grundausstattung, erh\u00f6hter Fu\u00dfbodenaufbau f\u00fcr Leitungsf\u00fchrung\" width=\"1171\" height=\"796\" \/><\/p>\n<p>Anstelle von Wohnungen werden Raumeinheiten ohne Innenw\u00e4nde entwickelt, die zum Wohnen und Arbeiten genutzt werden k\u00f6nnen.<\/p>\n<p>Eine Raumeinheit besteht aus einem abgeschlossenen, witterungsgesch\u00fctzten Raum mit m\u00f6glichst gro\u00dfen Raumh\u00f6hen, (mindestens) einem privaten Freiraum und einer rudiment\u00e4ren Sanit\u00e4rausstattung.<\/p>\n<p>Der leere Raum bietet die M\u00f6glichkeit, diesen individuell zu adaptieren und die eigenen Bed\u00fcrfnisse freier zu formulieren.<\/p>\n<p>H\u00fclle und Trennw\u00e4nde sind hochwertig ausgef\u00fchrt und erf\u00fcllen alle Anforderungen im Hinblick auf Schallschutz, Brandschutz, W\u00e4rmeschutz und Statik. Die Trennw\u00e4nde zwischen den Einheiten beinhalten Sollbruchstellen, die eine Verbindung und Kombination der Einheiten untereinander erm\u00f6glicht. Leicht zug\u00e4ngliche Kan\u00e4le im Fu\u00dfbodenaufbau vereinfachen \u00c4nderungen der Installationen.<\/p>\n<p>Die Kosten werden durch eine einfache Bauweise, Vorfertigung, standardisierte Bauelemente, sowie eine reduzierte Innenausstattung niedrig gehalten. Die einzelnen Einheiten sind m\u00f6glichst klein ausgef\u00fchrt (ab ca. 35m\u00b2). R\u00e4umliche Qualit\u00e4ten werden durch gro\u00dfe Raumh\u00f6hen, Balkone und gro\u00dfz\u00fcgige Fensterfl\u00e4chen geschaffen.<\/p>\n<figure id=\"attachment_318\" aria-describedby=\"caption-attachment-318\" style=\"width: 500px\" class=\"wp-caption aligncenter\"><img loading=\"lazy\" decoding=\"async\" class=\"wp-image-318\" src=\"https:\/\/www.domisil.at\/wordpress\/wp-content\/uploads\/2017\/01\/Perspektive-01.jpg\" alt=\"Perspektive mit Blick in die Wohneinheit: In der unteren Ebene befindet sich eine Garderobe, ein Arbeitsplatz, ein Sanit\u00e4rraum, die K\u00fcchenzeile und ein Essplatz. \u00dcber dem Arbeitsplatz ist eine Schlafgalerie. Eine Leiter f\u00fchrt von der unteren Ebene auf die Schlafgalerie. \" width=\"500\" height=\"345\" \/><figcaption id=\"caption-attachment-318\" class=\"wp-caption-text\">Minimalvariante mit Schlafpodest und Arbeitsplatz | gro\u00dfe Raumh\u00f6hen | Ateliercharakter | Nutzfl\u00e4che ca. 45m\u00b2<\/figcaption><\/figure>\n<figure id=\"attachment_319\" aria-describedby=\"caption-attachment-319\" style=\"width: 500px\" class=\"wp-caption aligncenter\"><img loading=\"lazy\" decoding=\"async\" class=\"wp-image-319\" src=\"https:\/\/www.domisil.at\/wordpress\/wp-content\/uploads\/2017\/01\/Perspektive-02.jpg\" alt=\"Perspektive mit Blick in die Wohneinheit: In der unteren Ebene befindet sich ein Vorraum und ein Schlafzimmer mit einem offenen Bad. In der oberen Ebene erstreckt sich eine Wohnk\u00fcche mit zwei Ebenen \u00fcber die gesamte Geb\u00e4udebreite.\" width=\"500\" height=\"347\" \/><figcaption id=\"caption-attachment-319\" class=\"wp-caption-text\">Durchgehende Wohnk\u00fcche | Schlafzimmer mit halboffenem Bad | Nutzfl\u00e4che ca. 60m\u00b2<\/figcaption><\/figure>\n<figure id=\"attachment_320\" aria-describedby=\"caption-attachment-320\" style=\"width: 500px\" class=\"wp-caption aligncenter\"><img loading=\"lazy\" decoding=\"async\" class=\"wp-image-320\" src=\"https:\/\/www.domisil.at\/wordpress\/wp-content\/uploads\/2017\/01\/Perspektive-03.jpg\" alt=\"Perspektive mit Blick in die Wohneinheit: In der unteren Ebene befindet sich eine Garderobe, ein Arbeitsplatz, ein Sanit\u00e4rraum und eine kleine Wohnk\u00fcche. In der oberen Ebene gelangt man \u00fcber eine Treppe in einen weiteren kleinen Wohnraum und die Schlafgalerie.\" width=\"500\" height=\"345\" \/><figcaption id=\"caption-attachment-320\" class=\"wp-caption-text\">Home-Office mit Vorraum im Gangbereich| Einbaum\u00f6bel mit Treppenfunktion | offene Schlafgalerie | Nutzfl\u00e4che ca. 65m\u00b2<\/figcaption><\/figure>\n<figure id=\"attachment_321\" aria-describedby=\"caption-attachment-321\" style=\"width: 500px\" class=\"wp-caption aligncenter\"><img loading=\"lazy\" decoding=\"async\" class=\"wp-image-321\" src=\"https:\/\/www.domisil.at\/wordpress\/wp-content\/uploads\/2017\/01\/Perspektive-04.jpg\" alt=\"Perspektive mit Blick in die Wohneinheit: In der unteren Ebene befindet sich eine K\u00fcchenzeile mit Essplatz, ein Sanit\u00e4rraum und ein Zimmer. \u00dcber eine Treppe gelangt man in den Wohnraum in der oberen Ebene und ein weiteres Zimmer.\" width=\"500\" height=\"346\" \/><figcaption id=\"caption-attachment-321\" class=\"wp-caption-text\">kompakte 3-Zimmer-Wohnung mit Vorraum im Gangbereich | Nutzfl\u00e4che ca. 65m\u00b2<\/figcaption><\/figure>\n","protected":false},"excerpt":{"rendered":"<p>Wettbewerbsprojekt Konzept f\u00fcr flexible Raumeinheiten am Beispiel eines Dachgeschossausbaus Anstelle von Wohnungen werden Raumeinheiten ohne Innenw\u00e4nde entwickelt, die zum Wohnen und Arbeiten genutzt werden k\u00f6nnen.&#8230;<\/p>\n<div class=\"more-link-wrapper\"><a class=\"more-link\" href=\"https:\/\/www.domisil.at\/wordpress\/?page_id=315\">Continue reading<span class=\"screen-reader-text\">design your own space<\/span><\/a><\/div>\n","protected":false},"author":1,"featured_media":0,"parent":105,"menu_order":1603,"comment_status":"closed","ping_status":"closed","template":"","meta":{"footnotes":""},"class_list":["post-315","page","type-page","status-publish","hentry","entry"],"_links":{"self":[{"href":"https:\/\/www.domisil.at\/wordpress\/index.php?rest_route=\/wp\/v2\/pages\/315","targetHints":{"allow":["GET"]}}],"collection":[{"href":"https:\/\/www.domisil.at\/wordpress\/index.php?rest_route=\/wp\/v2\/pages"}],"about":[{"href":"https:\/\/www.domisil.at\/wordpress\/index.php?rest_route=\/wp\/v2\/types\/page"}],"author":[{"embeddable":true,"href":"https:\/\/www.domisil.at\/wordpress\/index.php?rest_route=\/wp\/v2\/users\/1"}],"replies":[{"embeddable":true,"href":"https:\/\/www.domisil.at\/wordpress\/index.php?rest_route=%2Fwp%2Fv2%2Fcomments&post=315"}],"version-history":[{"count":14,"href":"https:\/\/www.domisil.at\/wordpress\/index.php?rest_route=\/wp\/v2\/pages\/315\/revisions"}],"predecessor-version":[{"id":382,"href":"https:\/\/www.domisil.at\/wordpress\/index.php?rest_route=\/wp\/v2\/pages\/315\/revisions\/382"}],"up":[{"embeddable":true,"href":"https:\/\/www.domisil.at\/wordpress\/index.php?rest_route=\/wp\/v2\/pages\/105"}],"wp:attachment":[{"href":"https:\/\/www.domisil.at\/wordpress\/index.php?rest_route=%2Fwp%2Fv2%2Fmedia&parent=315"}],"curies":[{"name":"wp","href":"https:\/\/api.w.org\/{rel}","templated":true}]}}

<p>Wettbewerbsprojekt<br />
Konzept für flexible Raumeinheiten am Beispiel eines Dachgeschossausbaus</p>
<p><img loading="lazy" decoding="async" class="aligncenter wp-image-322 " src="https://www.domisil.at/wordpress/wp-content/uploads/2017/01/Schnitt.jpg" alt="Schnitt durch eine Wohneinheit mit textlichen Anmerkungen: Solar/PV-Anlage am Dach, allgemein zugängliche Dachterrasse mit Begrünung, private Freiräume auf zwei Ebenen, Sanitärbox Grundausstattung, erhöhter Fußbodenaufbau für Leitungsführung" width="1171" height="796" /></p>
<p>Anstelle von Wohnungen werden Raumeinheiten ohne Innenwände entwickelt, die zum Wohnen und Arbeiten genutzt werden können.</p>
<p>Eine Raumeinheit besteht aus einem abgeschlossenen, witterungsgeschützten Raum mit möglichst großen Raumhöhen, (mindestens) einem privaten Freiraum und einer rudimentären Sanitärausstattung.</p>
<p>Der leere Raum bietet die Möglichkeit, diesen individuell zu adaptieren und die eigenen Bedürfnisse freier zu formulieren.</p>
<p>Hülle und Trennwände sind hochwertig ausgeführt und erfüllen alle Anforderungen im Hinblick auf Schallschutz, Brandschutz, Wärmeschutz und Statik. Die Trennwände zwischen den Einheiten beinhalten Sollbruchstellen, die eine Verbindung und Kombination der Einheiten untereinander ermöglicht. Leicht zugängliche Kanäle im Fußbodenaufbau vereinfachen Änderungen der Installationen.</p>
<p>Die Kosten werden durch eine einfache Bauweise, Vorfertigung, standardisierte Bauelemente, sowie eine reduzierte Innenausstattung niedrig gehalten. Die einzelnen Einheiten sind möglichst klein ausgeführt (ab ca. 35m²). Räumliche Qualitäten werden durch große Raumhöhen, Balkone und großzügige Fensterflächen geschaffen.</p>
<figure id="attachment_318" aria-describedby="caption-attachment-318" style="width: 500px" class="wp-caption aligncenter"><img loading="lazy" decoding="async" class="wp-image-318" src="https://www.domisil.at/wordpress/wp-content/uploads/2017/01/Perspektive-01.jpg" alt="Perspektive mit Blick in die Wohneinheit: In der unteren Ebene befindet sich eine Garderobe, ein Arbeitsplatz, ein Sanitärraum, die Küchenzeile und ein Essplatz. Über dem Arbeitsplatz ist eine Schlafgalerie. Eine Leiter führt von der unteren Ebene auf die Schlafgalerie. " width="500" height="345" /><figcaption id="caption-attachment-318" class="wp-caption-text">Minimalvariante mit Schlafpodest und Arbeitsplatz | große Raumhöhen | Ateliercharakter | Nutzfläche ca. 45m²</figcaption></figure>
<figure id="attachment_319" aria-describedby="caption-attachment-319" style="width: 500px" class="wp-caption aligncenter"><img loading="lazy" decoding="async" class="wp-image-319" src="https://www.domisil.at/wordpress/wp-content/uploads/2017/01/Perspektive-02.jpg" alt="Perspektive mit Blick in die Wohneinheit: In der unteren Ebene befindet sich ein Vorraum und ein Schlafzimmer mit einem offenen Bad. In der oberen Ebene erstreckt sich eine Wohnküche mit zwei Ebenen über die gesamte Gebäudebreite." width="500" height="347" /><figcaption id="caption-attachment-319" class="wp-caption-text">Durchgehende Wohnküche | Schlafzimmer mit halboffenem Bad | Nutzfläche ca. 60m²</figcaption></figure>
<figure id="attachment_320" aria-describedby="caption-attachment-320" style="width: 500px" class="wp-caption aligncenter"><img loading="lazy" decoding="async" class="wp-image-320" src="https://www.domisil.at/wordpress/wp-content/uploads/2017/01/Perspektive-03.jpg" alt="Perspektive mit Blick in die Wohneinheit: In der unteren Ebene befindet sich eine Garderobe, ein Arbeitsplatz, ein Sanitärraum und eine kleine Wohnküche. In der oberen Ebene gelangt man über eine Treppe in einen weiteren kleinen Wohnraum und die Schlafgalerie." width="500" height="345" /><figcaption id="caption-attachment-320" class="wp-caption-text">Home-Office mit Vorraum im Gangbereich| Einbaumöbel mit Treppenfunktion | offene Schlafgalerie | Nutzfläche ca. 65m²</figcaption></figure>
<figure id="attachment_321" aria-describedby="caption-attachment-321" style="width: 500px" class="wp-caption aligncenter"><img loading="lazy" decoding="async" class="wp-image-321" src="https://www.domisil.at/wordpress/wp-content/uploads/2017/01/Perspektive-04.jpg" alt="Perspektive mit Blick in die Wohneinheit: In der unteren Ebene befindet sich eine Küchenzeile mit Essplatz, ein Sanitärraum und ein Zimmer. Über eine Treppe gelangt man in den Wohnraum in der oberen Ebene und ein weiteres Zimmer." width="500" height="346" /><figcaption id="caption-attachment-321" class="wp-caption-text">kompakte 3-Zimmer-Wohnung mit Vorraum im Gangbereich | Nutzfläche ca. 65m²</figcaption></figure>

<p>Wettbewerbsprojekt Konzept für flexible Raumeinheiten am Beispiel eines Dachgeschossausbaus Anstelle von Wohnungen werden Raumeinheiten ohne Innenwände entwickelt, die zum Wohnen und Arbeiten genutzt werden können.&#8230;</p>
<div class="more-link-wrapper"><a class="more-link" href="https://www.domisil.at/wordpress/?page_id=315">Continue reading<span class="screen-reader-text">design your own space</span></a></div>
