{"id":120,"date":"2016-12-19T20:20:33","date_gmt":"2016-12-19T20:20:33","guid":{"rendered":"https:\/\/www.stanjko.at\/wordpress\/?page_id=120"},"modified":"2024-02-11T13:26:55","modified_gmt":"2024-02-11T13:26:55","slug":"120-2","status":"publish","type":"page","link":"https:\/\/www.domisil.at\/wordpress\/?page_id=120","title":{"rendered":"IMPRESSUM"},"content":{"rendered":"<p style=\"text-align: center;\">domisil | Architektin DI Silke Stanjko<br \/>\nSalzachstra\u00dfe 39\/1A | 1200 Wien<br \/>\n+43 660 65 44 374 | architektur@domisil.at | www.domisil.at<br \/>\nUID: ATU 61301200<\/p>\n<p style=\"text-align: center;\">Mitglied der Kammer der Architekten und Ingenieurkonsulenten f\u00fcr Wien, Nieder\u00f6sterreich und Burgenland<\/p>\n<p style=\"text-align: center;\">Die Inhalte dieser Webseite wurden sorgf\u00e4ltig und nach bestem Gewissen erstellt. Dennoch kann f\u00fcr die Aktualit\u00e4t, Vollst\u00e4ndigkeit und Richtigkeit keine Gew\u00e4hr \u00fcbernommen werden.<\/p>\n<p style=\"text-align: center;\">Unsere Webseite enth\u00e4lt Verkn\u00fcpfungen zu Webseiten Dritter (sog. \u201eexterne Links\u201c). Da wir auf deren Inhalte keinen Einfluss haben, kann f\u00fcr die fremden Inhalte keine Gew\u00e4hr \u00fcbernommen werden. F\u00fcr die Inhalte und Richtigkeit der Informationen ist stets der\/die jeweilige Informationsanbieter\/in der verlinkten Webseite verantwortlich.<\/p>\n<p style=\"text-align: center;\">Die auf dieser Webseite ver\u00f6ffentlichten Inhalte und Werke unterliegen dem \u00f6sterreichischen Urheberrecht. Jede Vervielf\u00e4ltigung, Bearbeitung, Verbreitung und jede Art der Verwertung au\u00dferhalb der Grenzen des Urheberrechts bed\u00fcrfen der vorherigen schriftlichen Zustimmung des\/der jeweiligen Urhebers\/in bzw. Autors\/in.<\/p>\n<h3 style=\"text-align: center;\">DATENSCHUTZ<\/h3>\n<p style=\"text-align: center;\">Durch den Besuch unserer Webseite k\u00f6nnen Informationen \u00fcber den Zugriff (Datum, Uhrzeit, aufgerufene Seite) auf dem Server gespeichert werden. Dies stellt keine Auswertung personenbezogener Daten (z.B. Name, Anschrift oder E-Mail Adresse) dar. Sofern personenbezogene Daten erhoben werden, erfolgt dies \u2013 sofern m\u00f6glich \u2013 nur mit dem vorherigen Einverst\u00e4ndnis des\/der Nutzers\/in der Webseite. Eine Weiterleitung der Daten an Dritte findet ohne ausdr\u00fcckliche Zustimmung des\/der Nutzers\/in nicht statt. Wir weisen ausdr\u00fccklich darauf hin, dass die \u00dcbertragung von Daten im Internet (z.B. per E-Mail) Sicherheitsl\u00fccken aufweisen kann. Ein l\u00fcckenloser Schutz der Daten vor dem Zugriff Dritter ist nicht m\u00f6glich. Wir k\u00f6nnen keine Haftung f\u00fcr die durch solche Sicherheitsl\u00fccken entstehenden Sch\u00e4den \u00fcbernehmen.<\/p>\n","protected":false},"excerpt":{"rendered":"<p>domisil | Architektin DI Silke Stanjko Salzachstra\u00dfe 39\/1A | 1200 Wien +43 660 65 44 374 | architektur@domisil.at | www.domisil.at UID: ATU 61301200 Mitglied der&#8230;<\/p>\n<div class=\"more-link-wrapper\"><a class=\"more-link\" href=\"https:\/\/www.domisil.at\/wordpress\/?page_id=120\">Continue reading<span class=\"screen-reader-text\">IMPRESSUM<\/span><\/a><\/div>\n","protected":false},"author":1,"featured_media":0,"parent":0,"menu_order":90,"comment_status":"closed","ping_status":"closed","template":"","meta":{"footnotes":""},"class_list":["post-120","page","type-page","status-publish","hentry","entry"],"_links":{"self":[{"href":"https:\/\/www.domisil.at\/wordpress\/index.php?rest_route=\/wp\/v2\/pages\/120","targetHints":{"allow":["GET"]}}],"collection":[{"href":"https:\/\/www.domisil.at\/wordpress\/index.php?rest_route=\/wp\/v2\/pages"}],"about":[{"href":"https:\/\/www.domisil.at\/wordpress\/index.php?rest_route=\/wp\/v2\/types\/page"}],"author":[{"embeddable":true,"href":"https:\/\/www.domisil.at\/wordpress\/index.php?rest_route=\/wp\/v2\/users\/1"}],"replies":[{"embeddable":true,"href":"https:\/\/www.domisil.at\/wordpress\/index.php?rest_route=%2Fwp%2Fv2%2Fcomments&post=120"}],"version-history":[{"count":15,"href":"https:\/\/www.domisil.at\/wordpress\/index.php?rest_route=\/wp\/v2\/pages\/120\/revisions"}],"predecessor-version":[{"id":822,"href":"https:\/\/www.domisil.at\/wordpress\/index.php?rest_route=\/wp\/v2\/pages\/120\/revisions\/822"}],"wp:attachment":[{"href":"https:\/\/www.domisil.at\/wordpress\/index.php?rest_route=%2Fwp%2Fv2%2Fmedia&parent=120"}],"curies":[{"name":"wp","href":"https:\/\/api.w.org\/{rel}","templated":true}]}}